+ -62518. Is a composite?
False
Let t = 3408 + 3417. Suppose 0*z + 4104 = 3*z + 3*y, 5*z + 2*y = t. Is z prime?
False
Suppose 0 = 3276*z - 3244*z - 661718 - 532490. Is z a composite number?
True
Let c(w) = -237*w + 821. Is c(-48) composite?
False
Let z(d) = -789*d - 66. Let v be z(-3). Let r = v - -3596. Is r composite?
False
Let m(v) = v**3 + 10*v**2 + 10*v + 14. Let k be m(-9). Suppose 0 = -k*t + 1147 + 2148. Is t prime?
True
Let g = -118 + 117. Is g + (0 - 4) - -1366 a composite number?
False
Suppose 127*v - 5403068 - 1441343 = 0. Is v a prime number?
False
Let k(s) = 10000*s**2 + 872*s + 11. Is k(-7) composite?
False
Let o be 3/(39/(-2)) + (-35024)/(-13). Suppose 3363 = 5*r + m - o, r + 3*m = 1217. Is r a prime number?
False
Let d = 195323 - 69702. Is d a prime number?
True
Let u be 25 + (-2 - -9 - 10). Suppose 0 = -6*w + u*w - 29152. Is w composite?
True
Let x(b) = 195297*b + 722. Is x(1) prime?
False
Let v(k) = 32*k**2 + 9*k - 12. Let t(y) = -32*y**2 - 10*y + 13. Let o(n) = 4*t(n) + 5*v(n). Let r be o(4). Let l = r - -59. Is l composite?
True
Suppose 3*n - 2533961 = -5*r, 0 = -5*r + 10*r - 5*n - 2533945. Is r prime?
True
Suppose 0 = 5*u - 5*d - 428291 - 99629, 2*u + d - 211159 = 0. Is u a prime number?
False
Suppose 26*g - 51131428 = 114*g - 252*g. Is g a composite number?
True
Let c = -4803 + 6322. Suppose 7 = 3*t + 1. Suppose -1223 = -t*n + c. Is n prime?
False
Is (3 - -730)/((-900)/(-894) + -1) composite?
True
Let r(x) = 7*x**2 - 17*x - 39499. Let t(g) = -8*g**2 + 23*g + 39499. Let a(l) = -4*r(l) - 3*t(l). Is a(0) a prime number?
True
Is 3 + (-3 - -2 - -2 - 7) - -35644 a prime number?
False
Let y(k) = -11*k + 71. Let g be y(-5). Suppose 58009 = g*s - 119*s. Is s composite?
False
Let p(d) = 2*d**2 - 3*d**2 + 3 + 2*d**2 - 4*d**3 + 2*d + 0*d**2. Is p(-10) prime?
False
Suppose -14*t + 42 = 7*t. Suppose -3*y = t*y - 64465. Is y a composite number?
False
Let u = 38 + -34. Let q be (-4 - (u - 8))/(-1). Suppose q = m + 2*c - 27, 5*c = m - 10 + 4. Is m a prime number?
False
Suppose 103*c - 21504779 = -186*c. Is c a prime number?
True
Suppose -5*i + 4*c = -23, -4*i - 25*c + 6 = -22*c. Suppose -4*t = j - 4663, 2*t + 18577 = 4*j + i*t. Is j prime?
True
Let r be (1/(-1))/(46185/(-11546) - -4). Let q = r + -6999. Is q a composite number?
False
Suppose -5*b + 4*b - 3*c = -80674, 0 = -5*c - 45. Is b prime?
True
Let c(u) be the third derivative of -9*u**4/2 + 47*u**3/6 - 25*u**2. Is c(-12) a composite number?
True
Let c be -2*(-284)/26 + 10/65. Suppose 5*i - 3 - c = 0. Is 4/2 + (882 - i) composite?
True
Is 4/1*(15593880/(-96))/(-29) prime?
False
Let b = -58736 - -101013. Suppose -11*m + 9*m = 4, 5*z - b = -4*m. Is z composite?
True
Let p = 112 - 110. Suppose -3 = -3*n + p*n. Suppose -n*c - 7 = -1396. Is c a composite number?
False
Let c = 55 - 52. Let j(h) = 14 + c*h**2 + 2*h**2 + 0*h**2 + 9*h**2 + 13*h. Is j(-5) composite?
True
Let n = 14247 + -6559. Suppose 5*w = w + n. Suppose w + 4122 = 4*c. Is c a prime number?
True
Let m(z) = -701263*z + 1365. Is m(-10) composite?
True
Let m = 1 + 8. Let q(t) = 25*t - 36*t - 56 + 13 + 13*t + 24*t. Is q(m) a composite number?
False
Let t = 19609 - 11706. Let q = 20666 - t. Is q a prime number?
True
Suppose 2*o - 5*b + 18 = 0, -4*b + 13 = 4*o - 7*o. Let t(q) = 1638*q**3 - 3*q**2 + 6*q - 2. Is t(o) a prime number?
False
Let m = 51 - 41. Is (m - (-1 + 14)) + 117*6 a prime number?
False
Suppose -115*i = -110*i - 1945. Suppose -2*q = -5*c - i, 7 = -c + 10. Is q prime?
False
Suppose -30*a + 10714555 + 7395107 = -24*a. Is a composite?
False
Suppose 0 = -8*p - 19 + 19. Let f(b) = 6*b + 2631. Let l be f(p). Is l/3 - (-5 + 3 + 0) composite?
True
Suppose m - 884293 - 1121653 = -2*o, -2*m = o - 1002973. Is o composite?
False
Let c = 190 - 274. Let x be (-4)/c*6 + 14117/7. Suppose 2*v = -v - y + x, 0 = v + 4*y - 665. Is v prime?
True
Suppose 2*q - 1354 - 17493 = -b, -3*q - 5*b + 28288 = 0. Let n = -3912 + q. Is n prime?
False
Let k = -5575 + 9804. Is k a prime number?
True
Suppose -62 = -15*h + 88. Suppose 0 = h*f + 3*f - 140699. Is f prime?
False
Let c(s) = 3*s**2 + 16*s - 11. Let j be c(-13). Let p = j - 129. Is p a composite number?
True
Let o = 98 - -185. Suppose 2*f - 761 = -o. Is f composite?
False
Suppose 7*v + 4483 = -6549. Let i = 3981 - v. Is i a prime number?
True
Suppose 0 = 5*g - 10, -23*m + 25*m + g - 374088 = 0. Is m prime?
True
Let q(d) = 2047*d**3 + 56*d + 8 - 121*d + 59*d - 3*d**2 + 1770*d**3 + 511*d**3. Is q(1) prime?
True
Suppose 0 = -5*z + 2*u + 11375, z + 3*u - 940 - 1318 = 0. Let s = z + 2769. Is s a prime number?
False
Suppose 17*b - 15*b = -3*a + 26321, 4 = 4*a. Is b a composite number?
False
Let x = -538 - -546. Is 51066/x + (-13)/(47 - -5) composite?
True
Let d(m) be the first derivative of -1823*m**2/2 + 7*m - 24. Is d(-8) a composite number?
False
Let s = -48 + 40. Let f(n) = -n**3 - 9*n**2 - 10*n - 13. Let k be f(s). Suppose 283 + 830 = k*g. Is g a composite number?
True
Let c be -641 - (-8 - -4)/(-4). Let k = -284 - c. Suppose 2*z + u - 3*u = 358, u = -2*z + k. Is z prime?
True
Suppose -5*q + 10*i = 8*i - 88919, -4*q = 4*i - 71152. Suppose -q = -9*h + 1214. Is h composite?
False
Suppose -1162*r + 329013 + 3505984 = -1139*r. Is r prime?
True
Let g be (36/(-15) - -2)/((-1)/5). Let k be (g*2/12)/((-3)/(-27)). Suppose -288 = -j + 2*c - k*c, 3*c - 573 = -2*j. Is j composite?
True
Let f(y) = -2*y**2 - 40*y + 44. Let u be f(-21). Suppose -3*b - 5*z = -6814, 4*z + 3781 = u*b - 725. Is b composite?
True
Let c(l) = -13*l**2 - 6*l + 5. Let o(a) = a + 1. Let g be 21/(-18) - 2/(-12). Let f(r) = g*c(r) - 4*o(r). Is f(5) composite?
True
Let d = 2848 + -1487. Let a = -11369 - -11371. Is ((12/a - 4) + -1)*d composite?
False
Let y be (-48)/(-10)*(-40)/(-12). Let s be (100/y)/((-1)/(-4)). Let q = s - -268. Is q a composite number?
False
Let l = -39 - -42. Suppose -4*r - 3*f = 15, -r + l*f - 7 = 7*f. Is ((-2)/r)/(30/28395) a composite number?
False
Let t(m) = -3*m**3 - 3*m**2 + 4. Let w be t(-3). Let g = w - 51. Suppose 0 = -g*o + 301 + 280. Is o composite?
False
Suppose 5*z - 2 = -3*h + 4*h, 0 = 2*h + 4*z - 10. Is 5322 + h*15/9 composite?
True
Let z = 526 + -519. Suppose 0 = 4*l - 2*y - 55576, z*y - 13894 = -l + 3*y. Is l a composite number?
True
Let n = 58880 + 81231. Is n composite?
False
Is (28/14 - 24/16)*(0 + 192442) a prime number?
True
Let l = -16883 + 31260. Is l prime?
False
Let m(n) = 9*n**3 - 12*n**2 + 12*n - 4. Suppose 5*c = 21 - 6. Let t(h) = 28*h**3 - 35*h**2 + 35*h - 13. Let k(u) = c*t(u) - 8*m(u). Is k(6) composite?
True
Let q = -57894 + 117091. Is q composite?
False
Let a(t) be the second derivative of 241*t**3 - 29*t**2/2 - 2*t + 73. Is a(4) a prime number?
False
Let j = -44515 + 71246. Is j a prime number?
True
Suppose 0 = -t + 2*x - 4*x + 8465, 4*x + 20 = 0. Let w = t + -4964. Is w prime?
True
Let o be 104/(-88) - (-4)/22. Let c be (2/4)/(o/(-2554)). Let g = 66 + c. Is g a composite number?
True
Let h(j) = 569*j**2 + 18*j - 73. Is h(4) prime?
True
Let c(n) = 5*n**3 - 2*n**2 - 2*n - 11. Let b = -2 - -2. Suppose 2*x - 5*s - 19 + 2 = 0, b = -4*x - 5*s + 19. Is c(x) composite?
True
Let o = 5705 + 12774. Is o prime?
False
Let h = 12 - 21. Let f(m) = -11 - 2*m**3 - 182*m + 74 + 12*m**2 - 35 + 173*m. Is f(h) a prime number?
True
Let s be ((-43)/2)/(-1 - (-678)/684). Suppose -s = -5*z + 99. Let f = -351 + z. Is f composite?
True
Let l be (-49)/((2 - -2)*2/8). Let m = -49 - l. Let r(g) = g**2 + 5*g + 65. Is r(m) composite?
True
Let u(b) = 6*b**3 + 16*b**2 - 28*b - 1. Suppose -41*l - 55 = -46*l. Is u(l) composite?
False
Let k(t) = 22941*t**3 - 29*t**2 + 85*t + 16. Is k(3) composite?
True
Let z(v) = -1105*v**3 - 29*v - 217. Is z(-5) composite?
False
Let w(v) = 77238*v**2 + 153*v - 436. Is w(5) a prime number?
False
Let w(s) be the second derivative of 14*s**4 - s**3/6 + s**2 + 4*s + 6. Is w(3) a prime number?
True
Let k(d) = -154*d**3 - 4*d**2 - 3*d - 3. Suppose -4*a + 4 = 0, 3*a + 4 = -2*x + 3. Let j be k(x). Suppose -42 = c - j. Is c prime?
False
Let q(m) = 276*m**2 + 2*m - 4. Let h be q(8). Suppose -3*k - c - 5 = 0, -5 = -3*k + 4*k + c. Suppose 0*t - 4*t = 4*i - h, -5*i - 2*t + 22101 = k. Is i prime?
True
Suppose -192*p - 1851391 = -236*p + 76821. Is p a composite number?
True
Suppose h + 1 = 2. L